626
In base 6, what is -1445 - 5045?
-10534
In base 13, what is -752c1 + 0?
-752c1
In base 13, what is -4 - 5312?
-5316
In base 6, what is 131 + -111322?
-111151
In base 12, what is baa + 238?
1226
In base 7, what is 12 + -6302?
-6260
In base 8, what is -201701 - 13?
-201714
In base 12, what is -1 - 2bba1?
-2bba2
In base 15, what is d8 - -41d?
506
In base 2, what is 100 - -10110110000111?
10110110001011
In base 9, what is 12 - 10682?
-10670
In base 6, what is 151551015 - 5?
151551010
In base 5, what is -1442 - -2434?
442
In base 11, what is 1532 - -59?
1590
In base 12, what is 14594 + -46?
1454a
In base 4, what is -3030 + -121233?
-130323
In base 3, what is -100120202 + 101?
-100120101
In base 16, what is 7 + -bc9c?
-bc95
In base 12, what is -30 + 6416?
63a6
In base 11, what is -1556 - 71?
-1617
In base 3, what is 1012002211 - -12?
1012010000
In base 4, what is 1 - -30213201?
30213202
In base 11, what is -72230 + 11?
-7221a
In base 7, what is 1243 - 6?
1234
In base 14, what is -ab + -37bc?
-3889
In base 8, what is -1615 + 47?
-1546
In base 12, what is -975 - 3?
-978
In base 4, what is 10030213001 + 3?
10030213010
In base 14, what is 10c + 86?
194
In base 6, what is -235 - -40553?
40314
In base 10, what is 491 + -507?
-16
In base 2, what is -101100000111110011 + -1?
-101100000111110100
In base 16, what is 14ec7 + 5?
14ecc
In base 3, what is -102220 + 102200?
-20
In base 6, what is 13 + -223323?
-223310
In base 16, what is 19 + 3ed?
406
In base 3, what is -22220 - 2212?
-102202
In base 15, what is 5 + 7480b?
74811
In base 11, what is -8237 - -67?
-8180
In base 12, what is -30 + 1008?
b98
In base 3, what is 10120201211 + 10?
10120201221
In base 4, what is 122 + -2101030?
-2100302
In base 3, what is -1220011001 - 0?
-1220011001
In base 7, what is 243 - 506?
-233
In base 16, what is 3e2 + 6c8?
aaa
In base 3, what is 1100210 - -120211?
1221121
In base 11, what is 610 - -166?
776
In base 6, what is 1015120 - -3?
1015123
In base 6, what is -21 - 350433?
-350454
In base 15, what is -3c6 + -4?
-3ca
In base 13, what is -1211 + -2c?
-1240
In base 6, what is 232022 + 3?
232025
In base 2, what is 10110100110101100 + 1100?
10110100110111000
In base 15, what is -6 + 27987?
27981
In base 14, what is 4 - 9538?
-9534
In base 12, what is -b53 + 103?
-a50
In base 3, what is 1001202111 - 2120?
1001122221
In base 12, what is 50 + -487?
-437
In base 16, what is -1b92e + 4?
-1b92a
In base 10, what is 32901 - -3?
32904
In base 2, what is 1101100010101011011 - -100?
1101100010101011111
In base 10, what is -18913 - -26?
-18887
In base 14, what is -d967 - -10?
-d957
In base 4, what is 3021300 + 20?
3021320
In base 12, what is -2 - -b904?
b902
In base 11, what is 953252 - 0?
953252
In base 3, what is 2202221 - -1002?
2211000
In base 12, what is 1 - 4a082?
-4a081
In base 7, what is -4 + 54316?
54312
In base 15, what is 4 - 1816?
-1812
In base 7, what is 3364 + 3?
3400
In base 8, what is 35660 + 226?
36106
In base 13, what is 3a - 4a30?
-49c3
In base 8, what is 3 + 270617?
270622
In base 11, what is 34934 - 5?
3492a
In base 16, what is -324 + 6?
-31e
In base 2, what is -1110000110011 + -11111010?
-1110100101101
In base 4, what is 112212030 - -11?
112212101
In base 15, what is -5 + -c975?
-c97a
In base 12, what is -4 - -15bb38?
15bb34
In base 14, what is 21 - -306?
327
In base 6, what is -140235553 + 3?
-140235550
In base 15, what is -47a4a + -2?
-47a4c
In base 13, what is -87763a + -2?
-87763c
In base 13, what is 2 + 380c06?
380c08
In base 5, what is 3130313 + 0?
3130313
In base 16, what is -1c2a7 + -5?
-1c2ac
In base 3, what is 20021 - 1112110?
-1022012
In base 9, what is -5 - 477402?
-477407
In base 9, what is -12 + -218078?
-218101
In base 9, what is 2 + -173516?
-173514
In base 7, what is 4 + 533345?
533352
In base 6, what is -5 - 24234?
-24243
In base 13, what is 4b + 2b5?
333
In base 7, what is -1246 + -414?
-1663
In base 7, what is -61356 + 12?
-61344
In base 11, what is -93436 - -6?
-93430
In base 8, what is 4 - -6351?
6355
In base 8, what is -11 - 124711?
-124722
In base 2, what is -111 - -10100001011100110?
10100001011011111
In base 8, what is 220537 - 2?
220535
In base 2, what is 1 - 10100101011000011?
-10100101011000010
In base 9, what is 4 - 218258?
-218254
In base 5, what is 3202 - -211?
3413
In base 9, what is 34585 - -6?
34602
In base 14, what is -10470 - 1b?
-1048b
In base 16, what is -15dc3 + -c?
-15dcf
In base 11, what is -8315 - 2?
-8317
In base 4, what is -3 + -3322131?
-3322200
In base 12, what is 4 + -16511?
-16509
In base 4, what is 3100132223 + 2?
3100132231
In base 12, what is -64650 + -4?
-64654
In base 5, what is 321100 + 4?
321104
In base 5, what is 1 - 311222204?
-311222203
In base 7, what is 26133355 + 0?
26133355
In base 3, what is 11022101 + -2020?
11020011
In base 14, what is 76 - 1a6d?
-19d7
In base 8, what is -60 + -205250?
-205330
In base 8, what is 21004 - 65?
20717
In base 15, what is 5b - 41d6?
-417a
In base 15, what is 33691 - -c?
3369d
In base 11, what is -3 - 337529?
-337531
In base 14, what is dc3a5 - 4?
dc3a1
In base 9, what is -51 + 6022?
5861
In base 7, what is 11 - 415054?
-415043
In base 5, what is -10 + 22044401?
22044341
In base 7, what is -2 - -106351?
106346
In base 2, what is 1 - -1100110010011110010?
1100110010011110011
In base 11, what is 104 - -1459?
1562
In base 11, what is 257022 - 0?
257022
In base 12, what is -4 + -42a6?
-42aa
In base 14, what is 6582 + 5?
6587
In base 3, what is 221221001 - -11?
221221012
In base 15, what is 8 + -469?
-461
In base 4, what is -22 + 120200132?
120200110
In base 12, what is 1a507 + 5?
1a510
In base 11, what is -7 - -20a1?
2095
In base 5, what is 10 + 141243231?
141243241
In base 4, what is -100 + -12301?
-13001
In base 14, what is -98 - -8d?
-9
In base 11, what is 29 - -708?
736
In base 9, what is -264 + -8413?
-8677
In base 4, what is 3230021 - 10?
3230011
In base 13, what is 471 - -49?
4ba
In base 7, what is -42 + -143635?
-144010
In base 11, what is 2040 - -29?
2069
In base 12, what is -4602 - 16?
-4618
In base 2, what is 1011111101000 + -110101?
1011110110011
In base 12, what is -1b6a6 - -5?
-1b6a1
In base 11, what is 3 - 989017?
-989014
In base 3, what is -111 + -11101021?
-11101202
In base 16, what is -3 - -f188?
f185
In base 14, what is -1 + 701b?
701a
In base 6, what is -5 - 10120?
-10125
In base 2, what is 111001110110110 + 100?
111001110111010
In base 2, what is 100001001110 - -11000?
100001100110
In base 2, what is -101 - -100000101010111?
100000101010010
In base 7, what is -4132 + 413?
-3416
In base 2, what is -111011001110 + -10111?
-111011100101
In base 7, what is 1420 - 122?
1265
In base 4, what is -2 - 3230323?
-3230331
In base 9, what is -4 - -2434615?
2434611
In base 13, what is 37 + -364?
-32a
In base 13, what is 2a3 - -3?
2a6
In base 6, what is 124 - 30504?
-30340
In base 5, what is 42403 + 2224?
100132
In base 4, what is -323021303 + 2?
-323021301
In base 9, what is 0 + -371748?
-371748
In base 14, what is -17 - -20969?
20952
In base 6, what is -2 + 4020433?
4020431
In base 8, what is -5 - -2300361?
2300354
In base 4, what is -1 - 21131311?
-21131312
In base 16, what is -3 - -3234?
3231
In base 2, what is -111001110111000 - -100000000?
-111001010111000
In base 7, what is 33565 - -1?
33566
In base 13, what is 990c + 1c?
992b
In base 10, what is -5 - 13862?
-13867
In base 9, what is 4264 + 583?
4857
In base 2, what is 10001100001000101010 + 0?
10001100001000101010
In base 10, what is 12276 - -2?
12278
In base 8, what is 1106627 - 1?
1106626
In base 12, what is 0 - 7b5?
-7b5
In base 2, what is -100010 - -1000001001010101?
1000001000110011
In base 7, what is -515 - -113?
-402
In base 15, what is -2 - ccad?
-ccb0
In base 6, what is 5304150 + -10?
5304140
In base 5, what is -110 + -4032?
-4142
In base 11, what is -1400 - 12?
-1412
In base 3, what is -101001 - -111?
-100120
In base 13, what is 0 - 5809?
-5809
In base 15, what is -2 - -49a?
498
In base 14, what is -2 - 56230?
-56232
In base 3, what is -122002211 + -1020?
-122011001
In base 8, what is 132026 + -4?
132022
In base 10, what is 91 + -172?
-81
In base 16, what is 4 - -58c9?
58cd
In base 2, what is 100 - -110110011100000011?
110110011100000111
In base 2, what is 1000100 + 101100010?
110100110
In base 12, w